 8)*(-2)/4. Let f = m - -3. Let w = 80 + f. Calculate the greatest common factor of 10 and w.
10
Suppose -3*d - 5*f = d - 68, 4*f = 0. Suppose 2*j - 238 = -0*j. Calculate the greatest common factor of j and d.
17
Let g(b) = b**3 - 6*b**2 + 1. Let d(p) = -p**2 - 6*p + 1. Let o be d(-5). Let q be g(o). Let t be 12*1/3*q. Calculate the highest common divisor of 36 and t.
4
Suppose -3*u = -5*u - 4, -u = -2*a + 218. Calculate the greatest common factor of 12 and a.
12
Suppose 4*u - 77 - 7 = 0. Let k = u + 14. Let d = 47 + -33. What is the highest common factor of k and d?
7
Suppose -113 + 455 = 9*l. What is the greatest common factor of 95 and l?
19
Suppose -5*x - k = -712, 5*x = 2*k - 0*k + 706. Suppose 2*y = 4*s + x, -17 + 2 = -5*s. What is the highest common divisor of 7 and y?
7
Let f(s) = -s**2 - 4*s + 3. Let k be f(-5). Let c be k - (1 + 2 + -9). Let b = -46 + 66. Calculate the highest common factor of c and b.
4
Suppose 5*s + 4 + 6 = 0, 0 = 5*g - s - 62. What is the greatest common factor of g and 132?
12
Suppose 3*i = 5*w + 928 - 199, 0 = -4*i - 2*w + 972. What is the greatest common factor of 27 and i?
27
Let x be ((-8)/(-4))/(2/5). Let a = 1 + x. Let p = -1 + 5. Calculate the greatest common factor of a and p.
2
Let r(d) = -3*d**2 - d**2 + 0 + 6 - d**3 - 5. Let x be r(-5). What is the highest common factor of 130 and x?
26
Let c be 20/(-110) + 312/22. Let p be (-351)/(-5) + (-3)/15. What is the greatest common divisor of c and p?
14
Suppose -3*y + y + 2*x + 54 = 0, 2*y + 4*x - 24 = 0. What is the highest common divisor of y and 77?
11
Let i be (12/5)/(4/10). Suppose 0 = -a + h + 16 + i, -3*h = 5*a - 134. Calculate the highest common divisor of a and 275.
25
Let y(k) = k**2 + 3. Let d be y(-3). Calculate the greatest common factor of 60 and d.
12
Let r = -10 + 21. Let z(m) = -6*m - 45. Let h be z(-13). Calculate the greatest common factor of h and r.
11
Let n(m) = 14*m**2 - 1. Let l be n(1). Let d be ((-39)/9)/((-2)/12). Suppose -2*v + d = -0*v. Calculate the greatest common factor of v and l.
13
Let t = 32 + -26. Calculate the greatest common factor of t and 12.
6
Suppose -28*z + 60 = -23*z. What is the greatest common factor of z and 12?
12
Let v = -14 - -27. Suppose -43 = -3*o - v. Let x = 2 + o. Calculate the greatest common factor of x and 60.
12
Suppose -13 = -z - 0*z. Calculate the greatest common factor of 143 and z.
13
Suppose w - 7 = 2*p, 2*p = -5*w - 3*p + 20. Let m = 15 + -7. Let j be (0 + 50)*m/20. Calculate the highest common divisor of j and w.
5
Let f be ((-8)/(-8))/(2/14). Suppose 70 = f*s - 2*s. Let q = 23 - s. Calculate the greatest common factor of q and 9.
9
Suppose -280 = -2*m - 3*m. What is the highest common divisor of 24 and m?
8
Suppose 0 = 2*f - 26 - 14. What is the greatest common divisor of f and 30?
10
Suppose -30 = -2*b - t, 2*b + 3*t = -5 + 39. Suppose -3*v + 35 = 2*v. Calculate the greatest common divisor of b and v.
7
Let t be (-2)/6*-3 + 3. Calculate the greatest common divisor of t and 1.
1
Suppose -2*a - 385 = -7*a. What is the highest common divisor of 11 and a?
11
Suppose w + 2*k - 15 = 0, w - 4*w + 2*k + 29 = 0. Calculate the highest common factor of 1 and w.
1
Let q = 24 + -16. Suppose 0*c = -3*c + 168. What is the greatest common factor of q and c?
8
Let t(u) = u**3 - 12*u**2 + 9*u + 10. Let c = 16 - 9. Let y be t(c). Let r = -67 - y. Calculate the highest common divisor of r and 15.
15
Let n(g) = g + 81. Let x be n(0). What is the greatest common divisor of 27 and x?
27
Suppose -244 + 16 = -4*u. Let p(l) = 3*l**2 + 2*l - 2. Suppose -10 = 2*z, f - 2 = -z - 11. Let n be p(f). What is the highest common factor of u and n?
19
Let x(i) = -i**3 - 3*i**2 - i - 2. Let f = -5 + 7. Suppose 4*u + f = -2*z, 2*u + 3 = 5*u. Let b be x(z). What is the greatest common factor of 4 and b?
1
Suppose 2*r - 83 = -2*o - 13, 0 = -5*r + 2*o + 175. Calculate the highest common divisor of 280 and r.
35
Let l = 8 - -4. What is the greatest common factor of l and 18?
6
Let q(i) = 2*i**3 - 42*i**2 - 35*i - 11. Let g be q(22). What is the greatest common factor of g and 17?
17
Let w = -7 + 11. Suppose 3*k + 12 = 5*k. Suppose i = 2*i - k. What is the highest common factor of w and i?
2
Suppose 0 = -4*j + 2*c + 284, 5*j + 0*c = -3*c + 344. What is the greatest common divisor of 105 and j?
35
Let k be (-3)/((-6)/1)*4. Let h(l) = -l + 5. Let p be h(4). Suppose -p + 5 = 2*t. What is the greatest common divisor of t and k?
2
Let s = -2 + 4. Suppose 0 = -s*u + 3*c + 44, -5*c - 36 = -u - 0*u. Suppose -v - u = -2*v. Calculate the highest common divisor of 112 and v.
16
Let h be 1/(-7) - (-154)/49. Calculate the greatest common divisor of 9 and h.
3
Suppose -n = -4*n + 207. Let d = 4 - 2. Suppose d*a - 12 = 34. Calculate the highest common divisor of n and a.
23
Suppose -2*s + 0*s = -16. Let m = s - 5. Suppose -m*t - t = -68. Calculate the greatest common factor of 187 and t.
17
Suppose 1100 = 2*f + 3*f. Calculate the greatest common divisor of f and 20.
20
Suppose -15 + 168 = m. Suppose 3*c + 0*s = -4*s - 1, s - 16 = -4*c. Suppose -2 = -c*g + 83. What is the highest common factor of m and g?
17
Let g = -128 + 244. Calculate the highest common factor of 29 and g.
29
Let a(s) be the third derivative of -s**6/120 + s**5/15 + s**3/2 + s**2. Let p be a(3). Let n = p - 7. What is the greatest common divisor of n and 35?
5
Let w be (-2)/1 + 18*1. Suppose -d + 27 = 5*r - 7, w = 4*r - 2*d. What is the greatest common divisor of r and 42?
6
Let k be 30*1*(-2)/(-4). Suppose -b - 106 = -0*b. Let t be 1/(-1) - (b + 0). Calculate the greatest common factor of k and t.
15
Let k(w) = 6*w**2 + 2*w - 3. Let f be k(-3). Calculate the greatest common divisor of 15 and f.
15
Suppose 3*y + 8 = 2*y. Let h be ((-50)/8)/(2/y). Let b = -34 + 44. Calculate the highest common factor of b and h.
5
Let z(d) = -4*d - 1. Let g be z(-1). Calculate the highest common divisor of g and 15.
3
Suppose 0 = 2*j - j - 5. Suppose -b = -j*b + 4. Calculate the greatest common divisor of b and 7.
1
Suppose -d + 166 = -3*d. Let z = -56 - d. Calculate the greatest common divisor of 108 and z.
27
Suppose 3159 = -4*r + 17*r. Calculate the highest common divisor of r and 27.
27
Suppose 3*i - 2*z + 6*z = -8, -5*z = -3*i + 37. Suppose -3*d - o - 39 + 105 = 0, i*d = -2*o + 88. Calculate the highest common factor of 11 and d.
11
Suppose 0 = -2*q - 0*q + 68. Calculate the highest common divisor of 85 and q.
17
Suppose -2*m + 44 = 2*a - 5*m, 0 = 3*m - 6. What is the greatest common factor of 125 and a?
25
Let v = -24 - -34. What is the greatest common factor of v and 90?
10
Suppose -4*b + 130 = -150. Let o(m) = -2*m - 12. Let t be o(-11). What is the greatest common divisor of b and t?
10
Suppose -3*o + 79 = -17. What is the greatest common factor of o and 96?
32
Suppose 0*v + 3*v = 6. Suppose -5*l + 4*a = -180, 3*l - 5*l = v*a - 72. What is the greatest common divisor of l and 24?
12
Let g = -90 - -138. Calculate the greatest common factor of 168 and g.
24
Let i = -5 + 8. Let s(z) = z**2 - 4. Let l be s(i). Suppose 0 = 3*q + 15, l*w - 2*q - 40 = 2*q. Calculate the highest common factor of 16 and w.
4
Let k be (56/(-21) - -3)*189. Let q(a) = a**2 - 3*a - 2. Let u be q(4). Suppose u*n = n + 7. What is the greatest common divisor of k and n?
7
Let i(k) = k**3 - 5*k**2 + 5*k. Let s be i(4). Calculate the highest common divisor of s and 4.
4
Suppose 3*v - 5*v + 30 = 0. Calculate the greatest common divisor of 90 and v.
15
Let r = 7 + -5. Suppose -r = v + v. Let n be 252/27 + v/3. Calculate the greatest common divisor of 81 and n.
9
Suppose -3*d + 8*s + 223 = 3*s, 4*d - 2*s - 302 = 0. Let z = 165 + -127. Calculate the greatest common factor of d and z.
38
Let o be 0 - (1*-33 - -2). Suppose 13 = -3*w - 8. Let f = o + w. Calculate the greatest common factor of f and 12.
12
Let r be 5/(-2)*16/(-20). Calculate the greatest common divisor of 22 and r.
2
Suppose -3*b = -0*b - 792. What is the greatest common divisor of 11 and b?
11
Let v be 1*24 + 0*(-2)/10. Calculate the greatest common factor of v and 48.
24
Let l be -3 - 1*(0 - 1). Let h be (0/l)/(3 - 2). Suppose -3*q + 12 + 21 = h. Calculate the highest common divisor of q and 88.
11
Let r = -7 - -7. Suppose -5*p = -r*p - 15. What is the grea